{"id":2254,"date":"2019-09-18T19:44:55","date_gmt":"2019-09-18T22:44:55","guid":{"rendered":"http:\/\/taskinfo.com.br\/nicolau2\/?post_type=product&#038;p=2254"},"modified":"2019-09-29T18:01:40","modified_gmt":"2019-09-29T21:01:40","slug":"philips-saeco-intelia","status":"publish","type":"product","link":"https:\/\/casanicolau.com.br\/site\/product\/philips-saeco-intelia\/","title":{"rendered":"Philips Saeco Int\u00e9lia"},"content":{"rendered":"<p>Apenas a Philips Saeco Int\u00e9lia oferece a voc\u00ea a experi\u00eancia<br \/>\ndo espresso perfeito. Inteligente e f\u00e1cil de limpar, Aroma<br \/>\ndo caf\u00e9 ajust\u00e1vel<\/p>\n<p>\u2022 Para um ou dois caf\u00e9s curto<br \/>\n\u2022 Para um ou dois caf\u00e9s longo<br \/>\n\u2022 Sa\u00edda de \u00e1gua quente p\/prepara\u00e7\u00e3o de ch\u00e1<br \/>\n\u2022 Vapor de \u00e1gua p\/aquecer leite p\/cappuccino<br \/>\n\u2022 Capacidade de dep\u00f3sito de res\u00edduos de 10<br \/>\n\u2022 Reservat\u00f3rio de Gr\u00e3os de 300 Gr<br \/>\n\u2022 Reservat\u00f3rio de \u00e1gua de 1,5 L<br \/>\n\u2022 Suporte (base) remov\u00edvel<br \/>\n\u2022 Dimens\u00e3o: (L x A x P): 25,6&#215;34,0x44 0 mm<br \/>\n\u2022 Peso: 8 kg<br \/>\n\u2022 Voltagem: 110 e 220 * A confirmar disponibilidade<\/p>\n","protected":false},"excerpt":{"rendered":"<p>Apenas a Philips Saeco Int\u00e9lia oferece a voc\u00ea a experi\u00eancia do espresso perfeito. Inteligente e f\u00e1cil de limpar, Aroma do caf\u00e9 ajust\u00e1vel \u2022 Para um ou dois caf\u00e9s curto \u2022 Para um ou dois caf\u00e9s longo \u2022 Sa\u00edda de \u00e1gua quente p\/prepara\u00e7\u00e3o de ch\u00e1 \u2022 Vapor de \u00e1gua p\/aquecer leite p\/cappuccino \u2022 Capacidade de dep\u00f3sito [&hellip;]<\/p>\n","protected":false},"featured_media":2480,"comment_status":"open","ping_status":"closed","template":"","meta":[],"product_brand":[],"product_cat":[156],"product_tag":[168],"class_list":{"0":"post-2254","1":"product","2":"type-product","3":"status-publish","4":"has-post-thumbnail","6":"product_cat-maquinas","7":"product_tag-maquinas","9":"first","10":"instock","11":"shipping-taxable","12":"product-type-simple"},"_links":{"self":[{"href":"https:\/\/casanicolau.com.br\/site\/wp-json\/wp\/v2\/product\/2254","targetHints":{"allow":["GET"]}}],"collection":[{"href":"https:\/\/casanicolau.com.br\/site\/wp-json\/wp\/v2\/product"}],"about":[{"href":"https:\/\/casanicolau.com.br\/site\/wp-json\/wp\/v2\/types\/product"}],"replies":[{"embeddable":true,"href":"https:\/\/casanicolau.com.br\/site\/wp-json\/wp\/v2\/comments?post=2254"}],"wp:featuredmedia":[{"embeddable":true,"href":"https:\/\/casanicolau.com.br\/site\/wp-json\/wp\/v2\/media\/2480"}],"wp:attachment":[{"href":"https:\/\/casanicolau.com.br\/site\/wp-json\/wp\/v2\/media?parent=2254"}],"wp:term":[{"taxonomy":"product_brand","embeddable":true,"href":"https:\/\/casanicolau.com.br\/site\/wp-json\/wp\/v2\/product_brand?post=2254"},{"taxonomy":"product_cat","embeddable":true,"href":"https:\/\/casanicolau.com.br\/site\/wp-json\/wp\/v2\/product_cat?post=2254"},{"taxonomy":"product_tag","embeddable":true,"href":"https:\/\/casanicolau.com.br\/site\/wp-json\/wp\/v2\/product_tag?post=2254"}],"curies":[{"name":"wp","href":"https:\/\/api.w.org\/{rel}","templated":true}]}}