{"id":2287,"date":"2019-09-18T20:17:25","date_gmt":"2019-09-18T23:17:25","guid":{"rendered":"http:\/\/taskinfo.com.br\/nicolau2\/?post_type=product&#038;p=2287"},"modified":"2019-09-27T20:42:52","modified_gmt":"2019-09-27T23:42:52","slug":"snakky-6","status":"publish","type":"product","link":"https:\/\/casanicolau.com.br\/site\/product\/snakky-6\/","title":{"rendered":"Snakky 6"},"content":{"rendered":"<p>Design e Interface como Usu\u00e1rio;<br \/>\nGrande Porta de Vidro com Moldura de Alum\u00ednio que permite<br \/>\nmelhor visualiza\u00e7\u00e3o dos produtos;<br \/>\nDisplay alfa num\u00e9rico azul;<br \/>\nPossui :<br \/>\n*03 Bandejas de Lanches, com 14 sele\u00e7\u00f5es e capacidade para<br \/>\n185 produtos;<br \/>\n*01 Bandeja de Garrafa, com 06 sele\u00e7\u00f5es e capacidade para 36<br \/>\nprodutos;<br \/>\n* 02 Bandejas com 12 sele\u00e7\u00f5es e capacidade para mais 36<br \/>\nop\u00e7\u00f5es de outros produtos;<br \/>\n&#8211; A temperatura da caixa refrigerada \u00e9 de 8\u00ba C<br \/>\n\u2022 06 prateleiras<br \/>\n\u2022 Temperatura ambiente ou refrigerada<br \/>\n\u2022 Dimens\u00f5es (AxLxP):1700x700x850mm<br \/>\n\u2022 Peso: 190 kg<br \/>\n\u2022 Alimenta\u00e7\u00e3o: 220 V<\/p>\n","protected":false},"excerpt":{"rendered":"<p>Design e Interface como Usu\u00e1rio; Grande Porta de Vidro com Moldura de Alum\u00ednio que permite melhor visualiza\u00e7\u00e3o dos produtos; Display alfa num\u00e9rico azul; Possui : *03 Bandejas de Lanches, com 14 sele\u00e7\u00f5es e capacidade para 185 produtos; *01 Bandeja de Garrafa, com 06 sele\u00e7\u00f5es e capacidade para 36 produtos; * 02 Bandejas com 12 sele\u00e7\u00f5es [&hellip;]<\/p>\n","protected":false},"featured_media":2416,"comment_status":"open","ping_status":"closed","template":"","meta":[],"product_brand":[],"product_cat":[156],"product_tag":[168],"class_list":{"0":"post-2287","1":"product","2":"type-product","3":"status-publish","4":"has-post-thumbnail","6":"product_cat-maquinas","7":"product_tag-maquinas","9":"first","10":"instock","11":"shipping-taxable","12":"product-type-simple"},"_links":{"self":[{"href":"https:\/\/casanicolau.com.br\/site\/wp-json\/wp\/v2\/product\/2287","targetHints":{"allow":["GET"]}}],"collection":[{"href":"https:\/\/casanicolau.com.br\/site\/wp-json\/wp\/v2\/product"}],"about":[{"href":"https:\/\/casanicolau.com.br\/site\/wp-json\/wp\/v2\/types\/product"}],"replies":[{"embeddable":true,"href":"https:\/\/casanicolau.com.br\/site\/wp-json\/wp\/v2\/comments?post=2287"}],"wp:featuredmedia":[{"embeddable":true,"href":"https:\/\/casanicolau.com.br\/site\/wp-json\/wp\/v2\/media\/2416"}],"wp:attachment":[{"href":"https:\/\/casanicolau.com.br\/site\/wp-json\/wp\/v2\/media?parent=2287"}],"wp:term":[{"taxonomy":"product_brand","embeddable":true,"href":"https:\/\/casanicolau.com.br\/site\/wp-json\/wp\/v2\/product_brand?post=2287"},{"taxonomy":"product_cat","embeddable":true,"href":"https:\/\/casanicolau.com.br\/site\/wp-json\/wp\/v2\/product_cat?post=2287"},{"taxonomy":"product_tag","embeddable":true,"href":"https:\/\/casanicolau.com.br\/site\/wp-json\/wp\/v2\/product_tag?post=2287"}],"curies":[{"name":"wp","href":"https:\/\/api.w.org\/{rel}","templated":true}]}}