{"id":2293,"date":"2019-09-18T20:21:44","date_gmt":"2019-09-18T23:21:44","guid":{"rendered":"http:\/\/taskinfo.com.br\/nicolau2\/?post_type=product&#038;p=2293"},"modified":"2019-09-27T20:37:37","modified_gmt":"2019-09-27T23:37:37","slug":"gaggia-syncrony-logic","status":"publish","type":"product","link":"https:\/\/casanicolau.com.br\/site\/product\/gaggia-syncrony-logic\/","title":{"rendered":"Gaggia Syncrony Logic"},"content":{"rendered":"<p>&#8211; Tipo de caf\u00e9: gr\u00e3os e p\u00f3<br \/>\n&#8211; Design compacto<br \/>\n&#8211; Acabamento de alta qualidade<br \/>\n&#8211; Caldeira de a\u00e7o inox<br \/>\n&#8211; Filtro de \u00e1gua<br \/>\n&#8211; Bico vaporizador Panarello<br \/>\n&#8211; Reservat\u00f3rio para borra e res\u00edduos remov\u00edveis<br \/>\n&#8211; Fun\u00e7\u00e3o optidose<br \/>\n&#8211; Aquecedor de x\u00edcaras<br \/>\n&#8211; Moedor de caf\u00e9 com 16 n\u00edveis de moagem<br \/>\n&#8211; Moedor de cer\u00e2mica de formato c\u00f4nico<br \/>\n&#8211; Painel eletr\u00f4nico<br \/>\n&#8211; Reservat\u00f3rio de \u00e1gua de 1,7L<br \/>\n&#8211; Bico de sa\u00edda do caf\u00e9 com altura ajust\u00e1vel<br \/>\n&#8211; Programa\u00e7\u00e3o de descalcifica\u00e7\u00e3o<br \/>\n&#8211; Ciclo de limpeza<\/p>\n<p>&#8211; Modelo: Syncrony Logic<br \/>\n&#8211; Voltagem: 220V<br \/>\n&#8211; Press\u00e3o da bomba: 15bar<br \/>\n&#8211; Cor: prata<br \/>\n&#8211; Medidas aproximadas da cafeteira: 39cm x 38cm x 33cm<br \/>\n&#8211; Peso aproximado da cafeteira: 8,7kg<\/p>\n","protected":false},"excerpt":{"rendered":"<p>&#8211; Tipo de caf\u00e9: gr\u00e3os e p\u00f3 &#8211; Design compacto &#8211; Acabamento de alta qualidade &#8211; Caldeira de a\u00e7o inox &#8211; Filtro de \u00e1gua &#8211; Bico vaporizador Panarello &#8211; Reservat\u00f3rio para borra e res\u00edduos remov\u00edveis &#8211; Fun\u00e7\u00e3o optidose &#8211; Aquecedor de x\u00edcaras &#8211; Moedor de caf\u00e9 com 16 n\u00edveis de moagem &#8211; Moedor de cer\u00e2mica [&hellip;]<\/p>\n","protected":false},"featured_media":2413,"comment_status":"open","ping_status":"closed","template":"","meta":[],"product_brand":[],"product_cat":[156],"product_tag":[168],"class_list":{"0":"post-2293","1":"product","2":"type-product","3":"status-publish","4":"has-post-thumbnail","6":"product_cat-maquinas","7":"product_tag-maquinas","9":"first","10":"instock","11":"shipping-taxable","12":"product-type-simple"},"_links":{"self":[{"href":"https:\/\/casanicolau.com.br\/site\/wp-json\/wp\/v2\/product\/2293","targetHints":{"allow":["GET"]}}],"collection":[{"href":"https:\/\/casanicolau.com.br\/site\/wp-json\/wp\/v2\/product"}],"about":[{"href":"https:\/\/casanicolau.com.br\/site\/wp-json\/wp\/v2\/types\/product"}],"replies":[{"embeddable":true,"href":"https:\/\/casanicolau.com.br\/site\/wp-json\/wp\/v2\/comments?post=2293"}],"wp:featuredmedia":[{"embeddable":true,"href":"https:\/\/casanicolau.com.br\/site\/wp-json\/wp\/v2\/media\/2413"}],"wp:attachment":[{"href":"https:\/\/casanicolau.com.br\/site\/wp-json\/wp\/v2\/media?parent=2293"}],"wp:term":[{"taxonomy":"product_brand","embeddable":true,"href":"https:\/\/casanicolau.com.br\/site\/wp-json\/wp\/v2\/product_brand?post=2293"},{"taxonomy":"product_cat","embeddable":true,"href":"https:\/\/casanicolau.com.br\/site\/wp-json\/wp\/v2\/product_cat?post=2293"},{"taxonomy":"product_tag","embeddable":true,"href":"https:\/\/casanicolau.com.br\/site\/wp-json\/wp\/v2\/product_tag?post=2293"}],"curies":[{"name":"wp","href":"https:\/\/api.w.org\/{rel}","templated":true}]}}