{"id":2591,"date":"2019-10-03T13:31:57","date_gmt":"2019-10-03T16:31:57","guid":{"rendered":"http:\/\/taskinfo.com.br\/nicolau2\/?post_type=product&#038;p=2591"},"modified":"2019-10-03T13:31:58","modified_gmt":"2019-10-03T16:31:58","slug":"royal-gran-crema-saeco","status":"publish","type":"product","link":"https:\/\/casanicolau.com.br\/site\/product\/royal-gran-crema-saeco\/","title":{"rendered":"Royal Gran Crema Saeco"},"content":{"rendered":"<p>Dados t\u00e9cnicos.<\/p>\n<p>Dimens\u00f5es (w x h x d) &#8211; 336 x 380 x 450 mm<br \/>\nP\u00easo \u2013 15 kg<br \/>\nVoltagem &#8211; 220V\/60 Hz<br \/>\nPot\u00eancia &#8211; 1.700 W<br \/>\nReservat\u00f3rio para \u00e0gua remov\u00edvel &#8211; 2,2 l<br \/>\nErrogador para &#8211; 7 g<br \/>\nRegulagem da quantidade de p\u00f3 \u2013 6 a 9 g<br \/>\nContenedor de caf\u00e9 &#8211; 350 g<br \/>\nCapucinador Tuono<br \/>\nBico para caf\u00e9 regul\u00e1vel na altura.<br \/>\nCapacidade gaveta de borras &#8211; 18<br \/>\nCapacidade da bandeja \u2013 1 l<br \/>\nDisplay gr\u00e1fico.<br \/>\nPainel frontal de opera\u00e7\u00e3o e programa\u00e7\u00e3o<br \/>\nHomologa\u00e7\u00e3o profissional<\/p>\n<p>Royal Gran Crema \u00e9 o exemplo perfeito de desempenho, facilidade de uso e design.<br \/>\nEste sistema \u00e9 uma renova\u00e7\u00e3o da oferta da Saeco ao OCS e Ho.Re.Ca. mercados com novas<br \/>\nfun\u00e7\u00f5es inteligentes.<\/p>\n<p>Um display gr\u00e1fico torna especialmente f\u00e1cil de selecionar bebidas, gra\u00e7as a mensagens e \u00edcones<br \/>\nessenciais e intuitivos.<\/p>\n<p>A bebida preferida podem ser selecionados com apenas um toque, \u00e9 poss\u00edvel mudar a intensidade<br \/>\nda bebida de caf\u00e9 escolhido a qualquer momento, de uma forma intuitiva, gravando a configura\u00e7\u00e3o<br \/>\npara todas as entregas posteriores.<\/p>\n<p>Manuten\u00e7\u00e3o e limpeza tamb\u00e9m s\u00e3o f\u00e1ceis, como todos os componentes que precisam ser atendidos<br \/>\nregularmente s\u00e3o remov\u00edveis.<\/p>\n<p>Royal Gran Crema pode distribuir caf\u00e9, \u00e1gua quente, vapor, e criar excelentes bebidas \u00e0 base de<br \/>\nleite, como cappuccino e latte macchiato.<\/p>\n<p>Na verdade, gra\u00e7as ao exclusivo, integrado cappuccinatore &#8220;Tuono&#8221;, desfrutando de uma bebida<br \/>\ncremosa e saborosa \u00e9 uma quest\u00e3o muito simples.<\/p>\n<p>A ta\u00e7a mais quente e a op\u00e7\u00e3o de p\u00f3 pr\u00e9 moido para ser usado, completam a experi\u00eancia de beber<br \/>\numa x\u00edcara de caf\u00e9 na melhor tradi\u00e7\u00e3o italiana.<\/p>\n<p>Basta escolher a sua bebida e Royal Gran Crema fornecer\u00e1.<\/p>\n","protected":false},"excerpt":{"rendered":"<p>Dados t\u00e9cnicos. Dimens\u00f5es (w x h x d) &#8211; 336 x 380 x 450 mm P\u00easo \u2013 15 kg Voltagem &#8211; 220V\/60 Hz Pot\u00eancia &#8211; 1.700 W Reservat\u00f3rio para \u00e0gua remov\u00edvel &#8211; 2,2 l Errogador para &#8211; 7 g Regulagem da quantidade de p\u00f3 \u2013 6 a 9 g Contenedor de caf\u00e9 &#8211; 350 g [&hellip;]<\/p>\n","protected":false},"featured_media":2592,"comment_status":"open","ping_status":"closed","template":"","meta":[],"product_brand":[],"product_cat":[156],"product_tag":[],"class_list":{"0":"post-2591","1":"product","2":"type-product","3":"status-publish","4":"has-post-thumbnail","6":"product_cat-maquinas","8":"first","9":"instock","10":"shipping-taxable","11":"product-type-simple"},"_links":{"self":[{"href":"https:\/\/casanicolau.com.br\/site\/wp-json\/wp\/v2\/product\/2591","targetHints":{"allow":["GET"]}}],"collection":[{"href":"https:\/\/casanicolau.com.br\/site\/wp-json\/wp\/v2\/product"}],"about":[{"href":"https:\/\/casanicolau.com.br\/site\/wp-json\/wp\/v2\/types\/product"}],"replies":[{"embeddable":true,"href":"https:\/\/casanicolau.com.br\/site\/wp-json\/wp\/v2\/comments?post=2591"}],"wp:featuredmedia":[{"embeddable":true,"href":"https:\/\/casanicolau.com.br\/site\/wp-json\/wp\/v2\/media\/2592"}],"wp:attachment":[{"href":"https:\/\/casanicolau.com.br\/site\/wp-json\/wp\/v2\/media?parent=2591"}],"wp:term":[{"taxonomy":"product_brand","embeddable":true,"href":"https:\/\/casanicolau.com.br\/site\/wp-json\/wp\/v2\/product_brand?post=2591"},{"taxonomy":"product_cat","embeddable":true,"href":"https:\/\/casanicolau.com.br\/site\/wp-json\/wp\/v2\/product_cat?post=2591"},{"taxonomy":"product_tag","embeddable":true,"href":"https:\/\/casanicolau.com.br\/site\/wp-json\/wp\/v2\/product_tag?post=2591"}],"curies":[{"name":"wp","href":"https:\/\/api.w.org\/{rel}","templated":true}]}}