{"id":2618,"date":"2019-10-08T19:53:09","date_gmt":"2019-10-08T22:53:09","guid":{"rendered":"http:\/\/taskinfo.com.br\/nicolau2\/?post_type=product&#038;p=2618"},"modified":"2019-10-08T19:56:34","modified_gmt":"2019-10-08T22:56:34","slug":"nectasolista","status":"publish","type":"product","link":"https:\/\/casanicolau.com.br\/site\/product\/nectasolista\/","title":{"rendered":"Necta Solista"},"content":{"rendered":"<p>A Solista utiliza a tecnologia Z4000, que serve o perfeito caf\u00e9 expresso mo\u00eddo na hora e bebidas &#8220;especiais&#8221;, baseadas no expresso, em apenas alguns segundos, todos servidos na temperatura ideal.<\/p>\n<p><strong>Alguns exemplos: caf\u00e9, caf\u00e9 com leite, cappuccino, mocaccino, chocolate, leite e ch\u00e1.<\/strong><\/p>\n<p>Abastecimento de \u00e1gua: Reservat\u00f3rio externo e rede<br \/>\n\u2022 Pot\u00eancia: 1,6 kW<br \/>\n\u2022 Voltagem: 220 V<br \/>\n\u2022 Peso: 35 kg<br \/>\n\u2022 Dimens\u00f5es (LxAxP): 41x75x56,4 cm<\/p>\n<p>\u2022\u00a010 possibilidades de sele\u00e7\u00e3o.<\/p>\n","protected":false},"excerpt":{"rendered":"<p>A Solista utiliza a tecnologia Z4000, que serve o perfeito caf\u00e9 expresso mo\u00eddo na hora e bebidas &#8220;especiais&#8221;, baseadas no expresso, em apenas alguns segundos, todos servidos na temperatura ideal.<\/p>\n","protected":false},"featured_media":2619,"comment_status":"open","ping_status":"closed","template":"","meta":[],"product_brand":[],"product_cat":[156],"product_tag":[],"class_list":{"0":"post-2618","1":"product","2":"type-product","3":"status-publish","4":"has-post-thumbnail","6":"product_cat-maquinas","8":"first","9":"instock","10":"shipping-taxable","11":"product-type-simple"},"_links":{"self":[{"href":"https:\/\/casanicolau.com.br\/site\/wp-json\/wp\/v2\/product\/2618","targetHints":{"allow":["GET"]}}],"collection":[{"href":"https:\/\/casanicolau.com.br\/site\/wp-json\/wp\/v2\/product"}],"about":[{"href":"https:\/\/casanicolau.com.br\/site\/wp-json\/wp\/v2\/types\/product"}],"replies":[{"embeddable":true,"href":"https:\/\/casanicolau.com.br\/site\/wp-json\/wp\/v2\/comments?post=2618"}],"wp:featuredmedia":[{"embeddable":true,"href":"https:\/\/casanicolau.com.br\/site\/wp-json\/wp\/v2\/media\/2619"}],"wp:attachment":[{"href":"https:\/\/casanicolau.com.br\/site\/wp-json\/wp\/v2\/media?parent=2618"}],"wp:term":[{"taxonomy":"product_brand","embeddable":true,"href":"https:\/\/casanicolau.com.br\/site\/wp-json\/wp\/v2\/product_brand?post=2618"},{"taxonomy":"product_cat","embeddable":true,"href":"https:\/\/casanicolau.com.br\/site\/wp-json\/wp\/v2\/product_cat?post=2618"},{"taxonomy":"product_tag","embeddable":true,"href":"https:\/\/casanicolau.com.br\/site\/wp-json\/wp\/v2\/product_tag?post=2618"}],"curies":[{"name":"wp","href":"https:\/\/api.w.org\/{rel}","templated":true}]}}