{"id":2741,"date":"2020-02-06T01:32:40","date_gmt":"2020-02-06T04:32:40","guid":{"rendered":"https:\/\/casanicolau.com.br\/?post_type=product&#038;p=2741"},"modified":"2020-02-06T01:32:40","modified_gmt":"2020-02-06T04:32:40","slug":"espresso-safra-especial-matas-de-minas","status":"publish","type":"product","link":"https:\/\/casanicolau.com.br\/site\/product\/espresso-safra-especial-matas-de-minas\/","title":{"rendered":"ESPRESSO SAFRA ESPECIAL MATAS DE MINAS"},"content":{"rendered":"<p>O Alto Capara\u00f3 \u00e9 conhecido por ser a mais nova fronteira na produ\u00e7\u00e3o de caf\u00e9s especiais. Com caracter\u00edsticas particulares na produ\u00e7\u00e3o dos seus caf\u00e9s: clima tropical de altitude, temperaturas m\u00e9dias anuais de 20 \u00b0C e altitude pr\u00f3xima dos 1.000 metros.<br \/>\nA sua zona produtora se destaca por ser formada por pequenos produtores familiares, produzindo caf\u00e9s ar\u00e1bicas de do\u00e7ura intensa, com notas de am\u00eandoas e nozes, levemente c\u00edtrico e corpo marcante.<br \/>\n*Para uso exclusivo na solu\u00e7\u00e3o TRES\u00ae<\/p>\n","protected":false},"excerpt":{"rendered":"<p>O Alto Capara\u00f3 \u00e9 conhecido por ser a mais nova fronteira na produ\u00e7\u00e3o de caf\u00e9s especiais. Com caracter\u00edsticas particulares na produ\u00e7\u00e3o dos seus caf\u00e9s: clima tropical de altitude, temperaturas m\u00e9dias anuais de 20 \u00b0C e altitude pr\u00f3xima dos 1.000 metros. A sua zona produtora se destaca por ser formada por pequenos produtores familiares, produzindo caf\u00e9s [&hellip;]<\/p>\n","protected":false},"featured_media":2746,"comment_status":"open","ping_status":"closed","template":"","meta":[],"product_brand":[],"product_cat":[144,170],"product_tag":[],"class_list":{"0":"post-2741","1":"product","2":"type-product","3":"status-publish","4":"has-post-thumbnail","6":"product_cat-capsulas","7":"product_cat-produtos","9":"first","10":"instock","11":"shipping-taxable","12":"product-type-simple"},"_links":{"self":[{"href":"https:\/\/casanicolau.com.br\/site\/wp-json\/wp\/v2\/product\/2741","targetHints":{"allow":["GET"]}}],"collection":[{"href":"https:\/\/casanicolau.com.br\/site\/wp-json\/wp\/v2\/product"}],"about":[{"href":"https:\/\/casanicolau.com.br\/site\/wp-json\/wp\/v2\/types\/product"}],"replies":[{"embeddable":true,"href":"https:\/\/casanicolau.com.br\/site\/wp-json\/wp\/v2\/comments?post=2741"}],"wp:featuredmedia":[{"embeddable":true,"href":"https:\/\/casanicolau.com.br\/site\/wp-json\/wp\/v2\/media\/2746"}],"wp:attachment":[{"href":"https:\/\/casanicolau.com.br\/site\/wp-json\/wp\/v2\/media?parent=2741"}],"wp:term":[{"taxonomy":"product_brand","embeddable":true,"href":"https:\/\/casanicolau.com.br\/site\/wp-json\/wp\/v2\/product_brand?post=2741"},{"taxonomy":"product_cat","embeddable":true,"href":"https:\/\/casanicolau.com.br\/site\/wp-json\/wp\/v2\/product_cat?post=2741"},{"taxonomy":"product_tag","embeddable":true,"href":"https:\/\/casanicolau.com.br\/site\/wp-json\/wp\/v2\/product_tag?post=2741"}],"curies":[{"name":"wp","href":"https:\/\/api.w.org\/{rel}","templated":true}]}}

<p>O Alto Caparaó é conhecido por ser a mais nova fronteira na produção de cafés especiais. Com características particulares na produção dos seus cafés: clima tropical de altitude, temperaturas médias anuais de 20 °C e altitude próxima dos 1.000 metros.<br />
A sua zona produtora se destaca por ser formada por pequenos produtores familiares, produzindo cafés arábicas de doçura intensa, com notas de amêndoas e nozes, levemente cítrico e corpo marcante.<br />
*Para uso exclusivo na solução TRES®</p>

<p>O Alto Caparaó é conhecido por ser a mais nova fronteira na produção de cafés especiais. Com características particulares na produção dos seus cafés: clima tropical de altitude, temperaturas médias anuais de 20 °C e altitude próxima dos 1.000 metros. A sua zona produtora se destaca por ser formada por pequenos produtores familiares, produzindo cafés [&hellip;]</p>
