{"id":2808,"date":"2020-02-06T02:05:11","date_gmt":"2020-02-06T05:05:11","guid":{"rendered":"https:\/\/casanicolau.com.br\/?post_type=product&#038;p=2808"},"modified":"2020-02-06T02:05:11","modified_gmt":"2020-02-06T05:05:11","slug":"cha-de-hortela","status":"publish","type":"product","link":"https:\/\/casanicolau.com.br\/site\/product\/cha-de-hortela\/","title":{"rendered":"CH\u00c1 DE HORTEL\u00c3"},"content":{"rendered":"<p>O ch\u00e1 de hortel\u00e3 (Mentha piperita L.) tem sabor marcante e notas mentoladas. Oferece uma gostosa sensa\u00e7\u00e3o refrescante. Ideal para todos os momentos do seu dia. *Para uso exclusivo na solu\u00e7\u00e3o TRES\u00ae<\/p>\n","protected":false},"excerpt":{"rendered":"<p>O ch\u00e1 de hortel\u00e3 (Mentha piperita L.) tem sabor marcante e notas mentoladas. Oferece uma gostosa sensa\u00e7\u00e3o refrescante. Ideal para todos os momentos do seu dia. *Para uso exclusivo na solu\u00e7\u00e3o TRES\u00ae<\/p>\n","protected":false},"featured_media":2809,"comment_status":"open","ping_status":"closed","template":"","meta":[],"product_brand":[],"product_cat":[144,170],"product_tag":[],"class_list":{"0":"post-2808","1":"product","2":"type-product","3":"status-publish","4":"has-post-thumbnail","6":"product_cat-capsulas","7":"product_cat-produtos","9":"first","10":"instock","11":"shipping-taxable","12":"product-type-simple"},"_links":{"self":[{"href":"https:\/\/casanicolau.com.br\/site\/wp-json\/wp\/v2\/product\/2808","targetHints":{"allow":["GET"]}}],"collection":[{"href":"https:\/\/casanicolau.com.br\/site\/wp-json\/wp\/v2\/product"}],"about":[{"href":"https:\/\/casanicolau.com.br\/site\/wp-json\/wp\/v2\/types\/product"}],"replies":[{"embeddable":true,"href":"https:\/\/casanicolau.com.br\/site\/wp-json\/wp\/v2\/comments?post=2808"}],"wp:featuredmedia":[{"embeddable":true,"href":"https:\/\/casanicolau.com.br\/site\/wp-json\/wp\/v2\/media\/2809"}],"wp:attachment":[{"href":"https:\/\/casanicolau.com.br\/site\/wp-json\/wp\/v2\/media?parent=2808"}],"wp:term":[{"taxonomy":"product_brand","embeddable":true,"href":"https:\/\/casanicolau.com.br\/site\/wp-json\/wp\/v2\/product_brand?post=2808"},{"taxonomy":"product_cat","embeddable":true,"href":"https:\/\/casanicolau.com.br\/site\/wp-json\/wp\/v2\/product_cat?post=2808"},{"taxonomy":"product_tag","embeddable":true,"href":"https:\/\/casanicolau.com.br\/site\/wp-json\/wp\/v2\/product_tag?post=2808"}],"curies":[{"name":"wp","href":"https:\/\/api.w.org\/{rel}","templated":true}]}}